{"id":29,"date":"2025-01-19T21:32:25","date_gmt":"2025-01-19T20:32:25","guid":{"rendered":"https:\/\/compagnielessignatures.com\/?page_id=29"},"modified":"2025-01-21T11:35:25","modified_gmt":"2025-01-21T10:35:25","slug":"dialogues-de-geants-2018","status":"publish","type":"page","link":"https:\/\/compagnielessignatures.com\/?page_id=29","title":{"rendered":"DIALOGUES DE G\u00c9ANTS (2018)"},"content":{"rendered":"<div class=\"wp-block-image\">\n<figure class=\"alignleft size-medium\"><img loading=\"lazy\" decoding=\"async\" width=\"300\" height=\"200\" src=\"https:\/\/compagnielessignatures.com\/wp-content\/uploads\/2025\/01\/Datcha-Copie-300x200.jpg\" alt=\"\" class=\"wp-image-30\" srcset=\"https:\/\/compagnielessignatures.com\/wp-content\/uploads\/2025\/01\/Datcha-Copie-300x200.jpg 300w, https:\/\/compagnielessignatures.com\/wp-content\/uploads\/2025\/01\/Datcha-Copie.jpg 768w\" sizes=\"auto, (max-width: 300px) 100vw, 300px\" \/><\/figure>\n<\/div>\n\n\n<p>A L\u2019occasion du 200\u00e8me anniversaire de la naissance d\u2019Ivan TOURGUENIEV \u00e0 Orel (Russie) le 28 octobre 1818, nous avons propos\u00e9 la lecture th\u00e9\u00e2tralis\u00e9e d\u2019une quarantaine de lettres choisies parmi les centaines de missives que ce g\u00e9ant de la litt\u00e9rature russe \u00e9changea, pendant la seconde moiti\u00e9 du 19\u00e8me si\u00e8cle, avec deux immenses artistes de son temps, Gustave FLAUBERT et Pauline VIARDOT.<\/p>\n\n\n\n<p><em>Pour la&nbsp;<a href=\"https:\/\/web.archive.org\/web\/20231212235702\/https:\/\/compagnielessignatures.fr\/index.php\/2018\/07\/06\/dialogues-de-geants-lecture-proposee-par-latvm-et-la-compagnie-les-signatures-le-29-juin-2018\/\">premi\u00e8re<\/a>&nbsp;de cette lecture-spectacle, la compagnie Les Signatures a eu l\u2019immense plaisir de jouer \u00e0 Bougival, dans la datcha que Tourgu\u00e9niev s\u2019\u00e9tait fait construire au c\u00f4t\u00e9 de la villa des \u00e9poux Viardot.<\/em><\/p>\n\n\n\n<p>Avec&nbsp;<strong>Fran\u00e7oise Gillard<\/strong>, soci\u00e9taire de la Com\u00e9die-Fran\u00e7aise, dans le r\u00f4le de Pauline Viardot,<br><strong>Eric G\u00e9nov\u00e8se<\/strong>, soci\u00e9taire de la Com\u00e9die-Fran\u00e7aise, dans le r\u00f4le d\u2019Ivan Tourgu\u00e9niev,<br><strong>Christian Gonon<\/strong>, soci\u00e9taire de la Com\u00e9die-Fran\u00e7aise,&nbsp;dans le r\u00f4le de Gustave Flaubert,<strong><br>Herv\u00e9 Pierre<\/strong>, soci\u00e9taire de la Com\u00e9die-Fran\u00e7aise, dans le r\u00f4le de Gustave Flaubert (en alternance),<br>et<strong>&nbsp;Alain Ghazal<\/strong>, com\u00e9dien voix off, dans le r\u00f4le du r\u00e9citant.<br>Accompagnement au violoncelle :<strong>&nbsp;Florence Hennequin<\/strong>, musicienne.<\/p>\n\n\n\n<p>Id\u00e9e originale, choix et montage des textes : Nelly Antoine, Marion Baude, Marc Sebbah.<\/p>\n\n\n\n<p>Avec<strong>&nbsp;Gustave Flaubert<\/strong>, g\u00e9ant de la litt\u00e9rature comme lui, Ivan Tourgu\u00e9niev d\u00e9veloppa une relation d\u2019amiti\u00e9 profonde, d\u2019homme \u00e0 homme et d\u2019\u00e9crivain \u00e0 \u00e9crivain, relation sensible et franche faite d\u2019admiration r\u00e9ciproque et de solidarit\u00e9&nbsp;:<br>Flaubert \u00e0 Tourgueniev :&nbsp;<em>Je n\u2019y ai pas tenu, cher ami ! J\u2019ai ouvert votre livre\u2026 Et je L\u2019ai d\u00e9vor\u00e9. Quel immense bonhomme vous \u00eates ! Je ne vous parle pas du Roi Lear de Ia steppe\u2026 mais\u2026 surtout de L\u2019Abandonn\u00e9e. Je ne sais pas si jamais vous vous \u00eates montr\u00e9 plus po\u00e8te et plus psychologue ! C\u2019est une merveille, un chef d\u2019\u0153uvre. Et quel art ! Que de malices d\u2019ex\u00e9cution sous cette apparente franchise !\u2026 Comme \u00e7a fait du bien d\u2019admirer !\u2026<br><\/em>Tourgueniev \u00e0 Flaubert&nbsp;:&nbsp;<em>Le \u00ab Saint Julien \u00bb est traduit, se trouve dans les mains de l\u2019\u00e9diteur \u2013 et sera pay\u00e9 au taux habituel pour moi \u2013 c\u2019est-\u00e0-dire qu\u2019il vous reviendra 300 roubles\u2026 par feuille d\u2019impression\u2026 J\u2019ai donn\u00e9 le \u00ab C\u0153ur simple \u00bb \u00e0 une demoiselle de lettres russe qui manie tr\u00e8s bien la langue \u2026et si elle se tire de la chose \u00e0 son honneur, je pourrai aussi lui confier \u00ab H\u00e9rodiade \u00bb. Naturellement je reverrai la traduction avec le plus grand soin, je la recopierai s\u2019il le faut\u2026.<\/em><\/p>\n\n\n\n<p>Avec<strong>&nbsp;Pauline Viardot<\/strong>, s\u0153ur cadette de la Malibran, immense cantatrice comme elle, applaudie sur toutes les sc\u00e8nes d\u2019Europe, Tourgueniev tissa des liens d\u2019amiti\u00e9 amoureuse, via notamment une abondante correspondance o\u00f9 il confie les h\u00e9sitations et les certitudes de sa vie d\u2019homme et d\u2019\u00e9crivain, ses angoisses, ses sentiments et son amour. Tourgueniev qui aime Pauline Viardot comme jamais il n\u2019avait aim\u00e9 aucune femme&nbsp;:<br><em>Vous me permettez, n\u2019est-ce pas, de vous confier tout, mais tout ce que je ferai, ce que je d\u00e9ciderai, ce qui m\u2019arrivera. La pens\u00e9e de vivre ainsi sous vos yeux me fera beaucoup de bien et beaucoup de plaisir\u2026<br><\/em><em>\u2026 Comme je d\u00e9sire que vous sachiez tout ce qui se passe dans ma vie, comme j\u2019\u00e9prouve un v\u00e9ritable bonheur, une sensation de devoir accompli, toutes les fois que je vous fais part de tout ce que je pense, de tout ce qui me touche\u2026<\/em><\/p>\n\n\n\n<p><em>Dialogues de g\u00e9ants<\/em>&nbsp;a d\u00e9j\u00e0 \u00e9t\u00e9 donn\u00e9 :<br>\u2013 Au Mus\u00e9e Europ\u00e9en Ivan Tourgueniev \u00e0 Bougival le 29 juin 2018,<br>\u2013 \u00e0 la Fondation d\u2019entreprise La Poste, \u00e0 Paris, le 1er octobre 2018,<br>\u2013 et Mus\u00e9e de la Vie romantique, \u00e0 Paris, le jeudi 6 juin 2019,<br>dans une version adapt\u00e9e \u00e0 la seule correspondance de Tourgu\u00e9niev et Pauline Viardot, dont les r\u00f4les \u00e9taient tenus respectivement par les com\u00e9diens Benjamin Jungers et Maud Rayer.<\/p>\n\n\n\n<p>La Compagnie Les Signatures remercie la Fondation d\u2019entreprise La Poste et la Mutuelle G\u00e9n\u00e9rale des Enseignants (MGEN) pour leur soutien.<\/p>\n\n\n\n<div class=\"wp-block-group\"><div class=\"wp-block-group__inner-container is-layout-constrained wp-block-group-is-layout-constrained\"><div class=\"wp-block-image\">\n<figure class=\"aligncenter size-full\"><img loading=\"lazy\" decoding=\"async\" width=\"495\" height=\"165\" src=\"https:\/\/compagnielessignatures.com\/wp-content\/uploads\/2025\/01\/Logo-LP-1.jpg\" alt=\"\" class=\"wp-image-31\" srcset=\"https:\/\/compagnielessignatures.com\/wp-content\/uploads\/2025\/01\/Logo-LP-1.jpg 495w, https:\/\/compagnielessignatures.com\/wp-content\/uploads\/2025\/01\/Logo-LP-1-300x100.jpg 300w\" sizes=\"auto, (max-width: 495px) 100vw, 495px\" \/><\/figure>\n<\/div>\n\n<div class=\"wp-block-image\">\n<figure class=\"aligncenter size-full\"><img loading=\"lazy\" decoding=\"async\" width=\"195\" height=\"195\" src=\"https:\/\/compagnielessignatures.com\/wp-content\/uploads\/2025\/01\/Logo_MGEN_2015-1.png\" alt=\"\" class=\"wp-image-32\" srcset=\"https:\/\/compagnielessignatures.com\/wp-content\/uploads\/2025\/01\/Logo_MGEN_2015-1.png 195w, https:\/\/compagnielessignatures.com\/wp-content\/uploads\/2025\/01\/Logo_MGEN_2015-1-150x150.png 150w\" sizes=\"auto, (max-width: 195px) 100vw, 195px\" \/><\/figure>\n<\/div><\/div><\/div>\n\n\n\n<p><\/p>\n\n\n\n<p><\/p>\n\n\n\n<p class=\"has-text-align-center\">Ainsi que les 57 personnes ayant contribu\u00e9 \u00e0 la r\u00e9alisation de ce spectacle<br>via la plateforme de financement participatif Ulule\u00a0:<\/p>\n\n\n\n<p class=\"has-text-align-center\">Myriam Antaki, Luce Antoine, Nelly Antoine, Monique Barbaroux, Caroline Baude, Marion Baude, Sophie Baude, Patrick Burgan, Alain Caylus, Jean-Claude Chauvin, Thomas Coquelin, Jany de Chambrun, Mercedes Deambrosis, Julien Delas, B\u00e9n\u00e9dicte des Mazery, Ananda Devi Anenden, Odile Dot, Evelyne Dray, Tatiana Dumas, Th\u00e9r\u00e8se Dussaut, Adrien Esteves, Dominique Fabre, Pascale Floc\u2019h, Jeanne Gelin, Alain Ghazal, Marie Goujon, Annie Grenade, Pierre-No\u00ebl Grenade, Catherine Guinefort, Martine Hainaut, Jo\u00ebl Lebret, Cl\u00e9ment Malard\u00e9, Claude et Jacqueline Malherbe, Aur\u00e9lia Marceau, Corine Marcien, Ariane Martinez, Carole Martinez, Philippe Menestret, Claire C\u00e9cile Mitatre, Fran\u00e7oise Mitatre, Michel Mitatre, Nicolas Montanari, Claire Ollivier, Francine Paponnaud, Danielle Pariente, Julie-Marie Parmentier, Christiane Perez, Marie-Line Pichon, Helene Retzepopoulos, Denis Sebbah, Marc Sebbah, Serge Sebbah, Didier S\u00e9ror, Evelyne Verrien, Annie Volff, Vida Zabraniecki.<\/p>\n\n\n\n<p class=\"has-text-align-center\">La Compagnie Les Signatures remercie \u00e9galement Pavel Gomziakov<br>pour son arrangement du&nbsp;<em>Chant des oiseaux<\/em>&nbsp;de Pablo Casals.<\/p>\n\n\n\n<p><\/p>\n\n\n\n<p><\/p>\n","protected":false},"excerpt":{"rendered":"<p>A L\u2019occasion du 200\u00e8me anniversaire de la naissance d\u2019Ivan TOURGUENIEV \u00e0 Orel (Russie) le 28 octobre 1818, nous avons propos\u00e9 la lecture th\u00e9\u00e2tralis\u00e9e d\u2019une quarantaine de lettres choisies parmi les centaines de missives que ce g\u00e9ant de la litt\u00e9rature russe \u00e9changea, pendant la seconde moiti\u00e9 du 19\u00e8me si\u00e8cle, avec deux immenses artistes de son temps,&hellip; <\/p>\n","protected":false},"author":1,"featured_media":30,"parent":0,"menu_order":0,"comment_status":"closed","ping_status":"closed","template":"","meta":{"footnotes":""},"class_list":["post-29","page","type-page","status-publish","has-post-thumbnail","hentry"],"_links":{"self":[{"href":"https:\/\/compagnielessignatures.com\/index.php?rest_route=\/wp\/v2\/pages\/29","targetHints":{"allow":["GET"]}}],"collection":[{"href":"https:\/\/compagnielessignatures.com\/index.php?rest_route=\/wp\/v2\/pages"}],"about":[{"href":"https:\/\/compagnielessignatures.com\/index.php?rest_route=\/wp\/v2\/types\/page"}],"author":[{"embeddable":true,"href":"https:\/\/compagnielessignatures.com\/index.php?rest_route=\/wp\/v2\/users\/1"}],"replies":[{"embeddable":true,"href":"https:\/\/compagnielessignatures.com\/index.php?rest_route=%2Fwp%2Fv2%2Fcomments&post=29"}],"version-history":[{"count":8,"href":"https:\/\/compagnielessignatures.com\/index.php?rest_route=\/wp\/v2\/pages\/29\/revisions"}],"predecessor-version":[{"id":41,"href":"https:\/\/compagnielessignatures.com\/index.php?rest_route=\/wp\/v2\/pages\/29\/revisions\/41"}],"wp:featuredmedia":[{"embeddable":true,"href":"https:\/\/compagnielessignatures.com\/index.php?rest_route=\/wp\/v2\/media\/30"}],"wp:attachment":[{"href":"https:\/\/compagnielessignatures.com\/index.php?rest_route=%2Fwp%2Fv2%2Fmedia&parent=29"}],"curies":[{"name":"wp","href":"https:\/\/api.w.org\/{rel}","templated":true}]}}